{"id":2497,"date":"2022-09-29T12:32:05","date_gmt":"2022-09-29T10:32:05","guid":{"rendered":"https:\/\/press.no\/internside\/?page_id=2497"},"modified":"2022-10-03T14:05:28","modified_gmt":"2022-10-03T12:05:28","slug":"2497-2","status":"publish","type":"page","link":"https:\/\/press.no\/internside\/helt-psykt\/2497-2\/","title":{"rendered":"H\u00f8stkampanje Verving"},"content":{"rendered":"<p><div class=\"fusion-fullwidth fullwidth-box fusion-builder-row-1 nonhundred-percent-fullwidth non-hundred-percent-height-scrolling\" style=\"background-color: #ffffff;background-position: center center;background-repeat: no-repeat;padding-top:0px;padding-right:0px;padding-bottom:0px;padding-left:0px;margin-bottom: 0px;margin-top: 0px;border-width: 0px 0px 0px 0px;border-color:#eae9e9;border-style:solid;\" ><div class=\"fusion-builder-row fusion-row\"><div class=\"fusion-layout-column fusion_builder_column fusion-builder-column-0 fusion_builder_column_1_1 1_1 fusion-one-full fusion-column-first fusion-column-last\" style=\"margin-top:0px;margin-bottom:0px;\"><div class=\"fusion-column-wrapper fusion-flex-column-wrapper-legacy\" style=\"background-position:left top;background-repeat:no-repeat;-webkit-background-size:cover;-moz-background-size:cover;-o-background-size:cover;background-size:cover;padding: 0px 0px 0px 0px;\"><div class=\"fusion-sep-clear\"><\/div><div class=\"fusion-separator fusion-full-width-sep\" style=\"margin-left: auto;margin-right: auto;margin-top:60px;margin-bottom:30px;width:100%;\"><\/div><div class=\"fusion-sep-clear\"><\/div><span class=\" fusion-imageframe imageframe-none imageframe-1 hover-type-none\"><img decoding=\"async\" width=\"3564\" image_height=\"801\" image_id=\"1471\" title=\"Header superverver\" src=\"https:\/\/press.no\/internside\/wp-content\/uploads\/sites\/6\/2020\/12\/Header-superverver.png\" data-orig-src=\"https:\/\/press.no\/internside\/wp-content\/uploads\/sites\/6\/2020\/12\/Header-superverver.png\" class=\"lazyload img-responsive wp-image-1471\" srcset=\"data:image\/svg+xml,%3Csvg%20xmlns%3D%27http%3A%2F%2Fwww.w3.org%2F2000%2Fsvg%27%20width%3D%273564%27%20height%3D%27801%27%20viewBox%3D%270%200%203564%20801%27%3E%3Crect%20width%3D%273564%27%20height%3D%273801%27%20fill-opacity%3D%220%22%2F%3E%3C%2Fsvg%3E\" data-srcset=\"https:\/\/press.no\/internside\/wp-content\/uploads\/sites\/6\/2020\/12\/Header-superverver-200x45.png 200w, https:\/\/press.no\/internside\/wp-content\/uploads\/sites\/6\/2020\/12\/Header-superverver-400x90.png 400w, https:\/\/press.no\/internside\/wp-content\/uploads\/sites\/6\/2020\/12\/Header-superverver-600x135.png 600w, https:\/\/press.no\/internside\/wp-content\/uploads\/sites\/6\/2020\/12\/Header-superverver-800x180.png 800w, https:\/\/press.no\/internside\/wp-content\/uploads\/sites\/6\/2020\/12\/Header-superverver-1200x270.png 1200w, https:\/\/press.no\/internside\/wp-content\/uploads\/sites\/6\/2020\/12\/Header-superverver.png 3564w\" data-sizes=\"auto\" data-orig-sizes=\"(max-width: 800px) 100vw, 3564px\" \/><\/span><style type=\"text\/css\"><\/style><div class=\"fusion-title title fusion-title-1 fusion-sep-none fusion-title-center fusion-title-text fusion-title-size-two\" style=\"margin-top:35px;margin-bottom:31px;\"><h2 class=\"title-heading-center\" style=\"margin:0;\">Vi vil ha nye medlemmer!<\/h2><\/div><div class=\"fusion-sep-clear\"><\/div><div class=\"fusion-separator fusion-has-icon fusion-full-width-sep\" style=\"margin-left: auto;margin-right: auto;margin-top:-20px;margin-bottom:15px;width:100%;\"><div class=\"fusion-separator-border sep-single sep-solid\" style=\"border-color:#2a426e;border-top-width:1px;\"><\/div><span class=\"icon-wrapper\" style=\"border-color:transparent;font-size:19px;width: 1.75em; height: 1.75em;border-width:1px;padding:1px;margin-top:-0.5px\"><i class=\"fa-file-alt fas\" style=\"font-size: inherit;color:#2a426e;\" aria-hidden=\"true\"><\/i><\/span><div class=\"fusion-separator-border sep-single sep-solid\" style=\"border-color:#2a426e;border-top-width:1px;\"><\/div><\/div><div class=\"fusion-sep-clear\"><\/div><div class=\"fusion-clearfix\"><\/div><\/div><\/div><\/div><\/div><div class=\"fusion-fullwidth fullwidth-box fusion-builder-row-2 fusion-flex-container nonhundred-percent-fullwidth non-hundred-percent-height-scrolling\" style=\"background-color: #ffffff;background-position: center center;background-repeat: no-repeat;border-width: 0px 0px 0px 0px;border-color:#eae9e9;border-style:solid;\" ><div class=\"fusion-builder-row fusion-row fusion-flex-align-items-flex-start\" style=\"max-width:1248px;margin-left: calc(-4% \/ 2 );margin-right: calc(-4% \/ 2 );\"><div class=\"fusion-layout-column fusion_builder_column fusion-builder-column-1 fusion_builder_column_1_4 1_4 fusion-flex-column fusion-flex-align-self-center\"><div class=\"fusion-column-wrapper fusion-flex-justify-content-space-between fusion-content-layout-column\" style=\"background-position:left top;background-repeat:no-repeat;-webkit-background-size:cover;-moz-background-size:cover;-o-background-size:cover;background-size:cover;padding: 0px 0px 0px 0px;\"><div ><span class=\" fusion-imageframe imageframe-none imageframe-2 hover-type-none\" style=\"margin-bottom:30px;\"><img decoding=\"async\" width=\"1707\" image_height=\"2560\" image_id=\"2289\" title=\"SDIM3418 (1)\" src=\"https:\/\/press.no\/internside\/wp-content\/uploads\/sites\/6\/2022\/01\/SDIM3418-1-scaled.jpg\" data-orig-src=\"https:\/\/press.no\/internside\/wp-content\/uploads\/sites\/6\/2022\/01\/SDIM3418-1-scaled.jpg\" class=\"lazyload img-responsive wp-image-2289\" srcset=\"data:image\/svg+xml,%3Csvg%20xmlns%3D%27http%3A%2F%2Fwww.w3.org%2F2000%2Fsvg%27%20width%3D%271707%27%20height%3D%272560%27%20viewBox%3D%270%200%201707%202560%27%3E%3Crect%20width%3D%271707%27%20height%3D%2732560%27%20fill-opacity%3D%220%22%2F%3E%3C%2Fsvg%3E\" data-srcset=\"https:\/\/press.no\/internside\/wp-content\/uploads\/sites\/6\/2022\/01\/SDIM3418-1-200x300.jpg 200w, https:\/\/press.no\/internside\/wp-content\/uploads\/sites\/6\/2022\/01\/SDIM3418-1-400x600.jpg 400w, https:\/\/press.no\/internside\/wp-content\/uploads\/sites\/6\/2022\/01\/SDIM3418-1-600x900.jpg 600w, https:\/\/press.no\/internside\/wp-content\/uploads\/sites\/6\/2022\/01\/SDIM3418-1-800x1200.jpg 800w, https:\/\/press.no\/internside\/wp-content\/uploads\/sites\/6\/2022\/01\/SDIM3418-1-1200x1800.jpg 1200w, https:\/\/press.no\/internside\/wp-content\/uploads\/sites\/6\/2022\/01\/SDIM3418-1-scaled.jpg 1707w\" data-sizes=\"auto\" data-orig-sizes=\"(max-width: 1024px) 100vw, (max-width: 640px) 100vw, 400px\" \/><\/span><\/div><div ><span class=\" fusion-imageframe imageframe-none imageframe-3 hover-type-none\" style=\"margin-top:30px;\"><img decoding=\"async\" width=\"1707\" image_height=\"2560\" image_id=\"2288\" title=\"SDIM3402 (1)\" src=\"https:\/\/press.no\/internside\/wp-content\/uploads\/sites\/6\/2022\/01\/SDIM3402-1-scaled.jpg\" data-orig-src=\"https:\/\/press.no\/internside\/wp-content\/uploads\/sites\/6\/2022\/01\/SDIM3402-1-scaled.jpg\" class=\"lazyload img-responsive wp-image-2288\" srcset=\"data:image\/svg+xml,%3Csvg%20xmlns%3D%27http%3A%2F%2Fwww.w3.org%2F2000%2Fsvg%27%20width%3D%271707%27%20height%3D%272560%27%20viewBox%3D%270%200%201707%202560%27%3E%3Crect%20width%3D%271707%27%20height%3D%2732560%27%20fill-opacity%3D%220%22%2F%3E%3C%2Fsvg%3E\" data-srcset=\"https:\/\/press.no\/internside\/wp-content\/uploads\/sites\/6\/2022\/01\/SDIM3402-1-200x300.jpg 200w, https:\/\/press.no\/internside\/wp-content\/uploads\/sites\/6\/2022\/01\/SDIM3402-1-400x600.jpg 400w, https:\/\/press.no\/internside\/wp-content\/uploads\/sites\/6\/2022\/01\/SDIM3402-1-600x900.jpg 600w, https:\/\/press.no\/internside\/wp-content\/uploads\/sites\/6\/2022\/01\/SDIM3402-1-800x1200.jpg 800w, https:\/\/press.no\/internside\/wp-content\/uploads\/sites\/6\/2022\/01\/SDIM3402-1-1200x1800.jpg 1200w, https:\/\/press.no\/internside\/wp-content\/uploads\/sites\/6\/2022\/01\/SDIM3402-1-scaled.jpg 1707w\" data-sizes=\"auto\" data-orig-sizes=\"(max-width: 1024px) 100vw, (max-width: 640px) 100vw, 400px\" \/><\/span><\/div><\/div><\/div><style type=\"text\/css\">.fusion-body .fusion-builder-column-1{width:25% !important;margin-top : 0px;margin-bottom : 3px;}.fusion-builder-column-1 > .fusion-column-wrapper {padding-top : 0px !important;padding-right : 0px !important;margin-right : 7.68%;padding-bottom : 0px !important;padding-left : 0px !important;margin-left : 7.68%;}@media only screen and (max-width:1024px) {.fusion-body .fusion-builder-column-1{width:100% !important;order : 0;}.fusion-builder-column-1 > .fusion-column-wrapper {margin-right : 1.92%;margin-left : 1.92%;}}@media only screen and (max-width:640px) {.fusion-body .fusion-builder-column-1{width:100% !important;order : 0;}.fusion-builder-column-1 > .fusion-column-wrapper {margin-right : 1.92%;margin-left : 1.92%;}}<\/style><div class=\"fusion-layout-column fusion_builder_column fusion-builder-column-2 fusion_builder_column_3_4 3_4 fusion-flex-column fusion-flex-align-self-center\"><div class=\"fusion-column-wrapper fusion-flex-justify-content-space-around fusion-content-layout-column\" style=\"background-position:left top;background-repeat:no-repeat;-webkit-background-size:cover;-moz-background-size:cover;-o-background-size:cover;background-size:cover;padding: 0px 0px 0px 0px;\"><div class=\"fusion-text fusion-text-1\"><p><strong>Hva er verving?<\/strong><\/p>\n<p><span style=\"font-weight: 400;\">Verving er \u00e5 rekruttere nye medlemmer til et bevisst m\u00e5l. Vi i Press, \u00f8nsker \u00e5 verve medlemmer som vil bli med i kampen mot barnerettighetsbrudd. Under h\u00f8stkampanjen fokuserer vi p\u00e5 medlemmer som er enig i at skolehelsetjenesten ikke fungerer.\u00a0<\/span><\/p>\n<p><strong>Hvorfor verve?<\/strong><\/p>\n<p><span style=\"font-weight: 400;\">Verving er nyttig for \u00e5 f\u00e5 flere medlemmer. Jo flere medlemmer Press har jo st\u00f8rre gjennomslagskraft har vi som organisasjon. Det er stor forskjell p\u00e5 \u00e5 si at vi representerer 500 medlemmer til \u00e5 kunne si at vi har over tusen medlemmer i ryggen. Jo flere medlemmer vi kan fortelle politikere at vi har, desto st\u00f8rre sjans for at de gir oss gjennomslag. Det samme gjelder ogs\u00e5 for media, flere medlemmer kan gi flere saker p\u00e5 trykk.<\/span><\/p>\n<p>\u00a0<\/p>\n<p><span style=\"font-weight: 400;\">Verving kan ogs\u00e5 f\u00f8re til at flere engasjerer seg i lokallag som gj\u00f8r aktivitet og lignende lettere \u00e5 gjennomf\u00f8re. Flere menneskelige ressurser betyr at det er flere som kan hjelpe til med \u00e5 arrangere medlemsm\u00f8te, aksjon eller konsert. Mer lokallagsaktivitet betyr at lokallaget blir tydeligere for lokalmilj\u00f8 som igjen vil f\u00f8re til at flere engasjerer seg.\u00a0<\/span><\/p>\n<p>\u00a0<\/p>\n<p><span style=\"font-weight: 400;\">Verving er ogs\u00e5 viktig for Press fordi vi f\u00e5r mer penger jo flere medlemmer vi har. Ikke bare f\u00e5r vi medlemskontingenten til de nye medlemmene, men flere medlemmer betyr ogs\u00e5 mer penger i grunnst\u00f8tte fra staten. Vi kan ogs\u00e5 vise Redd Barna at vi er en stor organisasjon som trenger flere midler for \u00e5 gjennomf\u00f8re alt arbeidet for barns rettigheter. .\u00a0<\/span><\/p>\n<p>\u00a0<\/p>\n<p><strong>Hvem kan man verve?<\/strong><\/p>\n<p><span style=\"font-weight: 400;\">Det finnes bare en begrensning til hvem man kan verve til Press; den du verver m\u00e5 v\u00e6re mellom 13 og 25 \u00e5r. Mange starter med \u00e5 verve vennene sine eller familiemedlemmer fordi man kjenner de fra f\u00f8r av og det er derfor ofte lettere \u00e5 engasjere dem. Samtidig er det ogs\u00e5 viktig at man verver andre p\u00e5 skolen, p\u00e5 fotballtrening eller p\u00e5 stand. Man m\u00e5 ikke v\u00e6re en spesiell type person for \u00e5 kunne v\u00e6re med i Press, heller tvert imot. Vi \u00f8nsker \u00e5 v\u00e6re en mangfoldig organisasjon med alle mulige slags medlemmer og det krever at man er mangfoldig i vervingen sin.\u00a0<\/span><\/p>\n<p>\u00a0<\/p>\n<p><strong>Hvordan verve?<\/strong><\/p>\n<p><span style=\"font-weight: 400;\">Det finnes mange forskjellige m\u00e5ter \u00e5 verve p\u00e5 hvorav ingen av dem er mer riktig enn den andre. Det er heller ikke oppsatt regel for hvordan man skal verve. Pr\u00f8v deg fram og se hva som passer deg best! Verving kan v\u00e6re s\u00e5 enkelt som \u00e5 sp\u00f8rre en klassekamerat om de \u00f8nsker \u00e5 bli med. Hovedgrunnen til at personer ikke er med i en organisasjon er fordi de ikke har blitt spurt. Da m\u00e5 vi huske \u00e5 sp\u00f8rre! <\/span><\/p>\n<\/div><\/div><\/div><style type=\"text\/css\">.fusion-body .fusion-builder-column-2{width:75% !important;margin-top : 0px;margin-bottom : 20px;}.fusion-builder-column-2 > .fusion-column-wrapper {padding-top : 0px !important;padding-right : 0px !important;margin-right : 2.56%;padding-bottom : 0px !important;padding-left : 0px !important;margin-left : 2.56%;}@media only screen and (max-width:1024px) {.fusion-body .fusion-builder-column-2{width:100% !important;order : 0;}.fusion-builder-column-2 > .fusion-column-wrapper {margin-right : 1.92%;margin-left : 1.92%;}}@media only screen and (max-width:640px) {.fusion-body .fusion-builder-column-2{width:100% !important;order : 0;}.fusion-builder-column-2 > .fusion-column-wrapper {margin-right : 1.92%;margin-left : 1.92%;}}<\/style><\/div><style type=\"text\/css\">.fusion-body .fusion-flex-container.fusion-builder-row-2{ padding-top : 0px;margin-top : 0px;padding-right : 0px;padding-bottom : 0px;margin-bottom : 0px;padding-left : 0px;}<\/style><\/div><div class=\"fusion-fullwidth fullwidth-box fusion-builder-row-3 fusion-flex-container nonhundred-percent-fullwidth non-hundred-percent-height-scrolling\" style=\"background-color: #ffffff;background-position: center center;background-repeat: no-repeat;border-width: 0px 0px 0px 0px;border-color:#eae9e9;border-style:solid;\" ><div class=\"fusion-builder-row fusion-row fusion-flex-align-items-flex-start\" style=\"max-width:1248px;margin-left: calc(-4% \/ 2 );margin-right: calc(-4% \/ 2 );\"><div class=\"fusion-layout-column fusion_builder_column fusion-builder-column-3 fusion_builder_column_1_1 1_1 fusion-flex-column\"><div class=\"fusion-column-wrapper fusion-flex-justify-content-flex-start fusion-content-layout-column\" style=\"background-position:left top;background-repeat:no-repeat;-webkit-background-size:cover;-moz-background-size:cover;-o-background-size:cover;background-size:cover;padding: 0px 0px 0px 0px;\"><div class=\"fusion-tabs fusion-tabs-1 classic horizontal-tabs icon-position-left\"><style type=\"text\/css\">.fusion-tabs.fusion-tabs-1 .nav-tabs li a.tab-link{border-top-color:rgba(71,161,179,0.42);background-color:rgba(71,161,179,0.42);}.fusion-tabs.fusion-tabs-1 .nav-tabs{background-color:#ffffff;}.fusion-tabs.fusion-tabs-1 .nav-tabs li.active a.tab-link,.fusion-tabs.fusion-tabs-1 .nav-tabs li.active a.tab-link:hover,.fusion-tabs.fusion-tabs-1 .nav-tabs li.active a.tab-link:focus{border-right-color:#ffffff;}.fusion-tabs.fusion-tabs-1 .nav-tabs li.active a.tab-link,.fusion-tabs.fusion-tabs-1 .nav-tabs li.active a.tab-link:hover,.fusion-tabs.fusion-tabs-1 .nav-tabs li.active a.tab-link:focus{background-color:#ffffff;}.fusion-tabs.fusion-tabs-1 .nav-tabs li a:hover{background-color:#ffffff;border-top-color:#ffffff;}.fusion-tabs.fusion-tabs-1 .tab-pane{background-color:#ffffff;}.fusion-tabs.fusion-tabs-1 .nav,.fusion-tabs.fusion-tabs-1 .nav-tabs,.fusion-tabs.fusion-tabs-1 .tab-content .tab-pane{border-color:#ebeaea;}<\/style><div class=\"nav\"><ul class=\"nav-tabs nav-justified\"><li class=\"active\"><a class=\"tab-link\" data-toggle=\"tab\" id=\"fusion-tab-stand\" href=\"#tab-257c3b2fad96b224b9a\"><h4 class=\"fusion-tab-heading\">Stand<\/h4><\/a><\/li><li><a class=\"tab-link\" data-toggle=\"tab\" id=\"fusion-tab-foredrag\" href=\"#tab-aa9dd8a2254c050b806\"><h4 class=\"fusion-tab-heading\">Foredrag<\/h4><\/a><\/li><li><a class=\"tab-link\" data-toggle=\"tab\" id=\"fusion-tab-digitalverving\" href=\"#tab-22d21d955a1b7d2dbd5\"><h4 class=\"fusion-tab-heading\">Digital verving<\/h4><\/a><\/li><li><a class=\"tab-link\" data-toggle=\"tab\" id=\"fusion-tab-verve\u00f8velse\" href=\"#tab-0684ada4776b2c13d38\"><h4 class=\"fusion-tab-heading\">Verve\u00f8velse<\/h4><\/a><\/li><\/ul><\/div><div class=\"tab-content\"><div class=\"nav fusion-mobile-tab-nav\"><ul class=\"nav-tabs nav-justified\"><li class=\"active\"><a class=\"tab-link\" data-toggle=\"tab\" id=\"mobile-fusion-tab-stand\" href=\"#tab-257c3b2fad96b224b9a\"><h4 class=\"fusion-tab-heading\">Stand<\/h4><\/a><\/li><\/ul><\/div><div class=\"tab-pane fade fusion-clearfix in active\" id=\"tab-257c3b2fad96b224b9a\">\n<p><span style=\"font-weight: 400;\">En klassisk m\u00e5te \u00e5 verve p\u00e5 er \u00e5 st\u00e5 p\u00e5 stand. Dette kan v\u00e6re enten p\u00e5 skolen, kj\u00f8pesenter, torg eller lignende. Man kan ogs\u00e5 arrangere stand p\u00e5 andres organisasjoners arrangementer. Uansett hvor standen er inneb\u00e6rer det som oftest de samme tingene: bord \u00e5 sette ting p\u00e5, banner eller noe annet for \u00e5 gj\u00f8re seg synlig, flyers, klistremerker, drops og andre ting \u00e5 gi ut til personer som g\u00e5r forbi. Det kan ofte v\u00e6re lurt \u00e5 ha noe som b\u00e5de gj\u00f8r det mer sannsynlig at personer kommer til standen din og at de blir der lenge nok til at du kan verve dem. Quiz eller andre konkurranser med premier sl\u00e5r ofte godt an, men her er det bare fantasien som setter grenser for hva dere kan gj\u00f8re! <\/span><\/p>\n<\/div><div class=\"nav fusion-mobile-tab-nav\"><ul class=\"nav-tabs nav-justified\"><li><a class=\"tab-link\" data-toggle=\"tab\" id=\"mobile-fusion-tab-foredrag\" href=\"#tab-aa9dd8a2254c050b806\"><h4 class=\"fusion-tab-heading\">Foredrag<\/h4><\/a><\/li><\/ul><\/div><div class=\"tab-pane fade fusion-clearfix\" id=\"tab-aa9dd8a2254c050b806\">\n<p><span style=\"font-weight: 400;\">\u00c5 holde foredrag for andre organisasjoner, elevr\u00e5det eller skoleklasser er en annen god m\u00e5te \u00e5 verve p\u00e5. Her kommer kampanjeforedraget godt til bruk! Ved \u00e5 knytte organisasjonen opp til en enkelt sak og vise at vi er kunnskapsrike og engasjerte mennesker, gj\u00f8r det lettere for andre \u00e5 engasjere seg. En ide kan v\u00e6re \u00e5 sende en generell e-post til skoleledelsen og sp\u00f8rre om noen klasser eller elevr\u00e5det \u00f8nsker \u00e5 h\u00f8re et foredrag om skolehelsetjenesten. I etterkant av foredraget er det viktig \u00e5 knytte informasjonen i foredraget til medlemskap gjennom \u00e5 invitere til et lokallagsm\u00f8te eller lignende. <\/span><\/p>\n<\/div><div class=\"nav fusion-mobile-tab-nav\"><ul class=\"nav-tabs nav-justified\"><li><a class=\"tab-link\" data-toggle=\"tab\" id=\"mobile-fusion-tab-digitalverving\" href=\"#tab-22d21d955a1b7d2dbd5\"><h4 class=\"fusion-tab-heading\">Digital verving<\/h4><\/a><\/li><\/ul><\/div><div class=\"tab-pane fade fusion-clearfix\" id=\"tab-22d21d955a1b7d2dbd5\">\n<p><span style=\"font-weight: 400;\">Man trenger ikke \u00e5 m\u00f8te folk fysisk for \u00e5 kunne verve dem. En enkel m\u00e5te \u00e5 verve andre p\u00e5 er ved \u00e5 sende meldinger eller ringe. Dette kan man gj\u00f8re til en aktivitet i lokallaget. Det eneste man trenger \u00e5 gj\u00f8re er \u00e5 sende melding eller ringe alle man kjenner og be dem melde seg inn. Man kan ogs\u00e5 gj\u00f8re det til en konkurranse innad i lokallaget om hvem som klarer \u00e5 verve flest i l\u00f8pet av m\u00f8tet.\u00a0<\/span><\/p>\n<p>\u00a0<\/p>\n<p><span style=\"font-weight: 400;\">En annen m\u00e5te man kan verve digitalt er \u00e5 spre ordet om Press p\u00e5 sosiale medier. Enten det er gjennom \u00e5 reposte innlegg Press sentralt legger ut, \u00e5 v\u00e6re aktiv p\u00e5 sosiale medier som lokallag, \u00e5 legge ut egne innlegg privat eller lignende. Uansett er man med p\u00e5 \u00e5 spre ordet om verdens beste organisasjon. \u00c5 v\u00e6re aktiv p\u00e5 sosiale medier som lokallag gj\u00f8r det ogs\u00e5 lettere for andre \u00e5 vite hvordan det er \u00e5 v\u00e6re aktiv noe som kan gj\u00f8re det mindre skummelt \u00e5 delta selv. <\/span><\/p>\n<\/div><div class=\"nav fusion-mobile-tab-nav\"><ul class=\"nav-tabs nav-justified\"><li><a class=\"tab-link\" data-toggle=\"tab\" id=\"mobile-fusion-tab-verve\u00f8velse\" href=\"#tab-0684ada4776b2c13d38\"><h4 class=\"fusion-tab-heading\">Verve\u00f8velse<\/h4><\/a><\/li><\/ul><\/div><div class=\"tab-pane fade fusion-clearfix\" id=\"tab-0684ada4776b2c13d38\">\n<p><span style=\"font-weight: 400;\">Verving kan til tider v\u00e6re litt skummelt eller vanskelig hvis man ikke har gjort det f\u00f8r. Da kan det v\u00e6re lurt \u00e5 \u00f8ve p\u00e5 verving. Disse \u00f8velsene kan v\u00e6re fint \u00e5 ha p\u00e5 et lokallagsm\u00f8te f\u00f8r man skal st\u00e5 p\u00e5 stand, holde foredrag eller lignende.\u00a0<\/span><\/p>\n<p>\u00a0<\/p>\n<p><span style=\"font-weight: 400;\">Egne erfaringer:<\/span><\/p>\n<ol>\n<li style=\"font-weight: 400;\" aria-level=\"1\"><span style=\"font-weight: 400;\">Start med en runde p\u00e5 hvordan du selv ble medlem i Press, og hva som fikk deg til \u00e5 bli i lokallaget (f\u00f8lg med p\u00e5 om det er ting som gjentar seg). Skriv opp en liste med de tingene som kommer frem (f.eks skole, gjennom venner, gjennom fb, sosiale medier osv.)<\/span><\/li>\n<li style=\"font-weight: 400;\" aria-level=\"1\"><span style=\"font-weight: 400;\">Diskuter hvordan man kan bruke egne erfaringer til \u00e5 verve andre<\/span><\/li>\n<\/ol>\n<p>\u00a0<\/p>\n<p><span style=\"font-weight: 400;\">Skuespill:<\/span><\/p>\n<ol>\n<li style=\"font-weight: 400;\" aria-level=\"1\"><span style=\"font-weight: 400;\">Du begynner som verver. Du gir en karakter til hver av medlemmene som skal overbevises av deg om \u00e5 bli medlem i Press. Du kan forberede disse karakterene ved \u00e5 skrive f.eks \u201cgutt, 15 \u00e5r, fritidsaktivitetene er h\u00e5ndball og skole \u201d og \u201cjenter, 17 \u00e5r, g\u00e5r p\u00e5 elektro-fag p\u00e5 vgs\u201d osv.<\/span><\/li>\n<li style=\"font-weight: 400;\" aria-level=\"1\"><span style=\"font-weight: 400;\">En og en skal de g\u00e5 opp og du skal overbevise deres \u201ckarakter\u201d om hvorfor akkurat Press er riktig organisasjon for deg.<\/span><\/li>\n<li style=\"font-weight: 400;\" aria-level=\"1\"><span style=\"font-weight: 400;\">Reflekter rundt dette etter alle deltakere har v\u00e6rt oppe. Hva funket? Hva funket ikke? Hva kan dere ta med dere videre n\u00e5r dere skal verve?<\/span><\/li>\n<li style=\"font-weight: 400;\" aria-level=\"1\"><span style=\"font-weight: 400;\">Bytt om rollene. N\u00e5 skal ogs\u00e5 de pr\u00f8ve \u00e5 overbevise hverandre om \u00e5 bli med i Press. Del enten opp i to og to, eller ha to go to fremme foran hele gruppen (se an hvor utadvendt medlemmene er)<\/span><\/li>\n<li style=\"font-weight: 400;\" aria-level=\"1\"><span style=\"font-weight: 400;\">Avslutt sesjonen med \u00e5 planlegge minst en verveaktivitet, og lage en liste med ting skal kan v\u00e6re lurt \u00e5 huske p\u00e5.<\/span><\/li>\n<\/ol>\n<\/div><\/div><\/div><\/div><\/div><style type=\"text\/css\">.fusion-body .fusion-builder-column-3{width:100% !important;margin-top : 0px;margin-bottom : 20px;}.fusion-builder-column-3 > .fusion-column-wrapper {padding-top : 0px !important;padding-right : 0px !important;margin-right : 1.92%;padding-bottom : 0px !important;padding-left : 0px !important;margin-left : 1.92%;}@media only screen and (max-width:1024px) {.fusion-body .fusion-builder-column-3{width:100% !important;order : 0;}.fusion-builder-column-3 > .fusion-column-wrapper {margin-right : 1.92%;margin-left : 1.92%;}}@media only screen and (max-width:640px) {.fusion-body .fusion-builder-column-3{width:100% !important;order : 0;}.fusion-builder-column-3 > .fusion-column-wrapper {margin-right : 1.92%;margin-left : 1.92%;}}<\/style><\/div><style type=\"text\/css\">.fusion-body .fusion-flex-container.fusion-builder-row-3{ padding-top : 0px;margin-top : 0px;padding-right : 0px;padding-bottom : 0px;margin-bottom : 0px;padding-left : 0px;}<\/style><\/div><\/p>\n","protected":false},"excerpt":{"rendered":"","protected":false},"author":16,"featured_media":0,"parent":2468,"menu_order":0,"comment_status":"closed","ping_status":"closed","template":"","meta":{"footnotes":""},"acf":[],"_links":{"self":[{"href":"https:\/\/press.no\/internside\/wp-json\/wp\/v2\/pages\/2497"}],"collection":[{"href":"https:\/\/press.no\/internside\/wp-json\/wp\/v2\/pages"}],"about":[{"href":"https:\/\/press.no\/internside\/wp-json\/wp\/v2\/types\/page"}],"author":[{"embeddable":true,"href":"https:\/\/press.no\/internside\/wp-json\/wp\/v2\/users\/16"}],"replies":[{"embeddable":true,"href":"https:\/\/press.no\/internside\/wp-json\/wp\/v2\/comments?post=2497"}],"version-history":[{"count":5,"href":"https:\/\/press.no\/internside\/wp-json\/wp\/v2\/pages\/2497\/revisions"}],"predecessor-version":[{"id":2678,"href":"https:\/\/press.no\/internside\/wp-json\/wp\/v2\/pages\/2497\/revisions\/2678"}],"up":[{"embeddable":true,"href":"https:\/\/press.no\/internside\/wp-json\/wp\/v2\/pages\/2468"}],"wp:attachment":[{"href":"https:\/\/press.no\/internside\/wp-json\/wp\/v2\/media?parent=2497"}],"curies":[{"name":"wp","href":"https:\/\/api.w.org\/{rel}","templated":true}]}}